of 10028780 and 1450.
290
Calculate the highest common divisor of 6953 and 57160613.
6953
What is the highest common divisor of 6004 and 2874652?
316
What is the greatest common factor of 15216 and 21967149?
951
What is the greatest common divisor of 81477 and 7134587?
823
What is the highest common factor of 30 and 13305522?
6
Calculate the greatest common divisor of 65930 and 377777.
19
Calculate the highest common factor of 184833 and 271359.
99
What is the greatest common divisor of 992 and 2328968?
248
Calculate the highest common factor of 50 and 101275.
25
What is the highest common divisor of 33220484 and 3972?
1324
Calculate the greatest common divisor of 96200 and 1806784.
296
Calculate the highest common divisor of 21746 and 1088462.
166
What is the highest common factor of 14 and 11131659?
7
What is the highest common divisor of 1710 and 47663514?
342
What is the greatest common factor of 22370794 and 590?
118
What is the highest common divisor of 1232 and 115082?
22
Calculate the greatest common factor of 3042 and 367398.
18
Calculate the greatest common divisor of 139536 and 32718.
114
Calculate the greatest common factor of 3458 and 923460629.
1729
What is the highest common divisor of 3359253 and 3321?
123
What is the highest common divisor of 1156404 and 384?
12
What is the highest common factor of 1557 and 151603533?
1557
Calculate the greatest common divisor of 470 and 45852260.
470
What is the greatest common divisor of 210873 and 312?
39
Calculate the highest common divisor of 145410 and 235986.
222
Calculate the highest common divisor of 31690739 and 831.
277
What is the greatest common factor of 6002386 and 78?
26
Calculate the greatest common divisor of 100 and 3613100.
100
What is the greatest common factor of 1184 and 4989904?
16
Calculate the greatest common factor of 20457855 and 11655.
1665
Calculate the highest common factor of 3953958 and 210.
6
Calculate the highest common divisor of 404076429 and 9.
9
What is the highest common factor of 144 and 104339312?
16
What is the greatest common divisor of 72 and 126172692?
36
Calculate the greatest common divisor of 54852 and 208335732.
7836
Calculate the greatest common divisor of 196 and 42244811.
49
Calculate the greatest common divisor of 10076 and 5201020.
44
Calculate the highest common divisor of 16500 and 73810500.
1500
What is the highest common factor of 2120 and 13622060?
1060
What is the highest common divisor of 11841321 and 67404?
411
Calculate the greatest common divisor of 321995465 and 5.
5
Calculate the highest common factor of 866 and 342167858.
866
What is the greatest common factor of 53 and 985168187?
53
Calculate the greatest common factor of 5694921 and 972.
27
What is the highest common factor of 13965536 and 4602?
1534
What is the greatest common factor of 875075 and 6692815?
6035
Calculate the highest common divisor of 114893 and 3096064.
6047
What is the greatest common divisor of 7614975 and 750?
75
What is the greatest common divisor of 1500 and 59061300?
300
Calculate the highest common factor of 1116 and 250666992.
1116
What is the highest common divisor of 8827105 and 469?
7
What is the greatest common factor of 2586104 and 141928?
1256
Calculate the greatest common divisor of 13750059 and 1502.
751
Calculate the greatest common divisor of 2101 and 183766.
11
Calculate the greatest common divisor of 61992 and 479003.
287
Calculate the greatest common divisor of 601592 and 11398.
278
What is the highest common divisor of 9815468 and 31?
31
Calculate the highest common divisor of 10296 and 16289064.
792
Calculate the greatest common factor of 48752 and 1720.
8
What is the greatest common divisor of 372435066 and 4122?
4122
What is the greatest common factor of 201895680 and 74?
74
What is the greatest common factor of 38258637 and 23?
23
What is the greatest common divisor of 3096 and 36131094?
774
Calculate the greatest common factor of 108733062 and 77673.
4569
Calculate the highest common factor of 1493438912 and 608.
608
What is the highest common divisor of 2204180 and 4240?
20
Calculate the greatest common factor of 182660650 and 230.
10
What is the greatest common factor of 7860960 and 96?
96
What is the greatest common factor of 67 and 1239861532?
67
What is the highest common factor of 1940136 and 319?
11
What is the greatest common factor of 69600 and 70137950?
1450
Calculate the highest common divisor of 1206 and 1837140.
402
Calculate the highest common divisor of 125371 and 2.
1
Calculate the greatest common divisor of 719201629 and 19004.
4751
Calculate the highest common factor of 390 and 8801130.
390
What is the highest common divisor of 62128 and 2136356?
1412
What is the highest common divisor of 8178068 and 8122?
262
Calculate the greatest common divisor of 215406 and 104814.
54
What is the highest common factor of 42199219 and 61183?
1003
What is the greatest common factor of 12496 and 1114629?
71
Calculate the highest common factor of 44703604 and 52.
4
What is the highest common factor of 541943 and 1139?
17
What is the highest common divisor of 29503104 and 252?
12
What is the highest common divisor of 56075824 and 896?
112
What is the greatest common divisor of 560 and 515312?
112
What is the greatest common divisor of 2433608 and 42800?
856
What is the greatest common factor of 5902 and 28014454?
26
Calculate the greatest common divisor of 1104898564 and 3036.
1012
Calculate the highest common factor of 15190 and 3309901.
1519
Calculate the greatest common factor of 58088745 and 458055.
5265
Calculate the highest common divisor of 4108 and 26531544.
52
Calculate the highest common divisor of 2338 and 1056943.
167
What is the highest common divisor of 29126220 and 60?
60
Calculate the greatest common divisor of 20600 and 5860082.
206
Calculate the greatest common factor of 3510 and 11663340.
390
Calculate the highest common divisor of 90 and 15099360.
30
Calculate the highest common divisor of 28 and 184161364.
4
What is the greatest common divisor of 1830 and 4459893?
183
Calculate the greatest common factor of 107909 and 26430263.
3721
What is the greatest common divisor of 76 and 329830481?
19
Calculate the greatest common divisor of 21554 and 901123.
829
What is the greatest common factor of 64 and 241788?
4
What is the greatest common factor of 3705 and 424515?
195
Calculate the highest common factor of 3821012 and 5222.
746
What is the highest common divisor of 8 and 692008936?
8
Calculate the highest common factor of 116189181 and 189.
27
Calculate the greatest common divisor of 342 and 349547826.
114
Calculate the greatest common factor of 3773 and 746284.
77
Calculate the greatest common divisor of 61524092 and 42.
14
Calculate the greatest common factor of 21840 and 610330.
70
Calculate the greatest common divisor of 106891 and 19738.
139
Calculate the greatest common factor of 465768 and 1344.
24
Calculate the greatest common divisor of 12210 and 425850.
30
What is the highest common divisor of 8680 and 165075?
155
Calculate the greatest common factor of 4920 and 189105.
15
Calculate the highest common divisor of 43365211 and 29735.
313
Calculate the highest common factor of 40204706 and 558.
62
Calculate the highest common divisor of 2310 and 57977920.
770
Calculate the greatest common factor of 3334 and 559708586.
3334
Calculate the highest common divisor of 796 and 79718803.
199
Calculate the highest common factor of 2 and 5984426.
2
What is the greatest common factor of 57780 and 2009340?
540
Calculate the greatest common factor of 452555 and 40.
5
Calculate the greatest common divisor of 69951 and 18018.
21
Calculate the greatest common divisor of 104 and 178614488.
104
Calculate the highest common factor of 2187920325 and 15.
15
What is the highest common factor of 231990 and 1306668?
1254
Calculate the highest common factor of 2946 and 292265786.
982
Calculate the highest common factor of 152230 and 264680.
130
What is the greatest common divisor of 2272220 and 15322?
326
Calculate the greatest common divisor of 1750 and 838804750.
1750
What is the greatest common divisor of 31909 and 11207567?
1877
Calculate the highest common divisor of 146375 and 143375.
125
Calculate the greatest common f